12400?
-12612401
In base 16, what is -13 + -2dc2b?
-2dc3e
In base 16, what is -1958 - 14e?
-1aa6
In base 16, what is b15afb + 4?
b15aff
In base 11, what is 5 - -148241?
148246
In base 8, what is 23563 - 407151?
-363366
In base 5, what is 103334 - 400320?
-241431
In base 3, what is -1221020221 - -111120?
-1220202101
In base 6, what is -1 + 22232555?
22232554
In base 5, what is -33 + 2331412341?
2331412303
In base 3, what is -100022 - -2012110012111?
2012102212012
In base 9, what is -21771 + 20845?
-825
In base 3, what is 22021112 + -2012001?
20002111
In base 10, what is -95260 + 3?
-95257
In base 12, what is 19269755 - 2?
19269753
In base 5, what is 0 - 41411444432?
-41411444432
In base 7, what is -5 + 1131211255?
1131211250
In base 5, what is -13010124324 + -1?
-13010124330
In base 6, what is -1000514002 - -40?
-1000513522
In base 11, what is 5770205 + -5?
5770200
In base 13, what is -45032 + -172?
-451a4
In base 8, what is -233 + -114657?
-115112
In base 12, what is 967038 - -7?
967043
In base 8, what is -2351 + -530113?
-532464
In base 3, what is -11210011 - -11211002102?
11122022021
In base 8, what is 3 + -662153720?
-662153715
In base 2, what is 10010011110110010000101010 + 0?
10010011110110010000101010
In base 6, what is 14 - -22133133?
22133151
In base 11, what is -3 + 106864930?
106864928
In base 9, what is -350386058 - 1?
-350386060
In base 15, what is -3 - 198b48e?
-198b492
In base 9, what is -114 - 1443668?
-1443783
In base 9, what is 5045 - 5336?
-281
In base 9, what is 12557 - 6?
12551
In base 8, what is 31545 - 20077?
11446
In base 12, what is 6017710 - 14?
60176b8
In base 14, what is 15501 + 854?
15d55
In base 13, what is -8b3c - 4?
-8b43
In base 3, what is -1011000020 - -102220200?
-201002120
In base 9, what is -275184575 + 2?
-275184573
In base 8, what is -312464 + 406?
-312056
In base 14, what is 7b11b + -1?
7b11a
In base 2, what is -101 + 100001110101100111111000111?
100001110101100111111000010
In base 7, what is -15231336 - -4?
-15231332
In base 11, what is 4332 - 52a33?
-49701
In base 8, what is 14735 - 4661?
10054
In base 13, what is -3 - -79cb9?
79cb6
In base 3, what is -20200102000 + 1202?
-20200100021
In base 14, what is 4 - -328488d?
3284893
In base 3, what is 1 - 10010200111201002?
-10010200111201001
In base 4, what is -11110 - -3100021?
3022311
In base 10, what is -7 - 8376391?
-8376398
In base 9, what is 66547 + 1576?
68234
In base 9, what is 163371 - 61?
163310
In base 14, what is 3 - -996855?
996858
In base 11, what is 6 - 2527520?
-2527515
In base 15, what is -7ae86 + 70?
-7ae16
In base 4, what is 31103230 + -3300?
31033330
In base 10, what is -670 - 10692?
-11362
In base 3, what is -1 - 1112221022212021?
-1112221022212022
In base 9, what is -448214878 + -2?
-448214881
In base 5, what is 10001 + 104012221?
104022222
In base 3, what is 111100112 + 12210?
111120022
In base 11, what is 2a5849 + 13?
2a5861
In base 6, what is -120313321355 - 0?
-120313321355
In base 4, what is 102310 + 103113013?
103221323
In base 13, what is -11a223a + -3?
-11a2240
In base 2, what is 10100011 - -110101011001000111?
110101011011101010
In base 9, what is 2444268 + -8?
2444260
In base 16, what is d6 + 4b1c6?
4b29c
In base 5, what is 32133024 - 303?
32132221
In base 14, what is -35950d - 3?
-359512
In base 3, what is -12 + 21122001011?
21122000222
In base 7, what is 40132144 - 255?
40131556
In base 15, what is -447b - -a087?
5b0b
In base 16, what is -a9a2 + 98?
-a90a
In base 7, what is -10061 + -4405?
-14466
In base 5, what is 30 + 2020340410?
2020340440
In base 6, what is 21334 + 310?
22044
In base 16, what is -7a1c + -22e?
-7c4a
In base 10, what is 2391726 - 1?
2391725
In base 16, what is 7cb6 - -1b9?
7e6f
In base 11, what is 0 + 387242?
387242
In base 9, what is 24 - 3124030?
-3124005
In base 13, what is 81b346 + 4?
81b34a
In base 5, what is 132410121 - -334?
132411010
In base 10, what is -2 - -881734?
881732
In base 15, what is 3 + -27a504?
-27a501
In base 7, what is -2665104236 + -3?
-2665104242
In base 10, what is -3069597 - 3?
-3069600
In base 8, what is 1125275212 - -10?
1125275222
In base 12, what is -5b19ba - 22?
-5b1a20
In base 2, what is -110110 - 1100110101010110101?
-1100110101011101011
In base 4, what is -31320333130 + 0?
-31320333130
In base 10, what is -62 - 694652?
-694714
In base 4, what is -20212212102 - 101?
-20212212203
In base 8, what is -6 - -35744452?
35744444
In base 11, what is -4 + -11a1342?
-11a1346
In base 13, what is 2 + -1165437?
-1165435
In base 13, what is 4 - 2371494?
-2371490
In base 14, what is 8 - -289b3cc?
289b3d6
In base 4, what is -10 - 20011032102021?
-20011032102031
In base 11, what is 271069 - 1297?
26a882
In base 5, what is -10140003444 + 10?
-10140003434
In base 12, what is -a + 157349?
15733b
In base 4, what is 13112 + 113231201?
113310313
In base 6, what is -1215145 - 241?
-1215430
In base 9, what is -5 + -62131502?
-62131507
In base 13, what is -170cb41 + -6?
-170cb47
In base 8, what is 755221 - 540?
754461
In base 15, what is -1 - cee48a8?
-cee48a9
In base 6, what is 324415 + 3213?
332032
In base 13, what is -4 - -2128b2b?
2128b27
In base 4, what is 1230211 + 3132232?
11023103
In base 13, what is 4959b + 183?
49751
In base 11, what is -4a - -84388?
84339
In base 3, what is 10012102111 - -100100?
10012202211
In base 5, what is -10311324 + 2140?
-10304134
In base 16, what is -162e8 + e6?
-16202
In base 9, what is -1032 + -15210?
-16242
In base 9, what is -1364508 - -44?
-1364454
In base 9, what is 1 + -6741641?
-6741640
In base 12, what is 5a + -38550a?
-385470
In base 3, what is -11100012 + 10010101120?
2222001101
In base 12, what is -8 - 8919244?
-8919250
In base 8, what is -46 + 1775552?
1775504
In base 12, what is -146 + -1127a?
-11404
In base 12, what is -26a165 - 30b?
-26a474
In base 9, what is 273 - -6144260?
6144543
In base 6, what is 245 + 4015002?
4015251
In base 15, what is -4 + 1cecbea?
1cecbe6
In base 8, what is -227723746 + -3?
-227723751
In base 5, what is -104 + 1400000433?
1400000324
In base 10, what is 2 - 4125847?
-4125845
In base 6, what is 520 + 510003?
510523
In base 4, what is 1 - -23032011330111?
23032011330112
In base 4, what is -1121211032323 + -13?
-1121211033002
In base 13, what is -3c0a6b3 - 2?
-3c0a6b5
In base 8, what is -113641 + -3006?
-116647
In base 7, what is -1120 + -142021?
-143141
In base 8, what is 37512437 + 3?
37512442
In base 6, what is 122 - 2112120403?
-2112120241
In base 8, what is 14110361 - 20?
14110341
In base 2, what is 1110010110011100011 - 10110?
1110010110011001101
In base 14, what is 5 - -42229ad?
42229b4
In base 2, what is -111101110100 + 110001000011111100?
110000000110001000
In base 6, what is 1055112524 - -2?
1055112530
In base 8, what is -2661 + 11145?
6264
In base 3, what is -11 - -1102200011202022?
1102200011202011
In base 8, what is 1 - -161130515?
161130516
In base 6, what is 1 + -3001145?
-3001144
In base 6, what is 225 + 12301520?
12302145
In base 10, what is 15 + -658324?
-658309
In base 11, what is -26341675a - -2?
-263416758
In base 8, what is -54343162 - -4?
-54343156
In base 2, what is 1011000 - -101011100000101?
101011101011101
In base 2, what is -10101101 - 10110111010000111?
-10110111100110100
In base 13, what is -3b - -52c949?
52c90b
In base 12, what is 173493513 + 1?
173493514
In base 5, what is -10 - 2002243423?
-2002243433
In base 15, what is -3 + -23c907?
-23c90a
In base 16, what is 4 + -51d9d8?
-51d9d4
In base 15, what is ea - -43437?
43532
In base 15, what is 9ce1 - -2bd?
a0ae
In base 3, what is -11212010212 - 1121112?
-11220202101
In base 14, what is -29d01a6 - 3?
-29d01a9
In base 6, what is -554422 - 130452?
-1125314
In base 15, what is -2 + 1eb4465?
1eb4463
In base 11, what is -1799616 + 0?
-1799616
In base 11, what is -a9309 - 20?
-a9329
In base 14, what is -1dda3 - 33?
-1ddd6
In base 8, what is -52101 + -20307?
-72410
In base 13, what is -5 + 28c85a?
28c855
In base 11, what is -714933138 + 2?
-714933136
In base 13, what is 3 - 16bbba12?
-16bbba0c
In base 12, what is -5 + -2b775802?
-2b775807
In base 7, what is 164 + -1115551?
-1115354
In base 14, what is -2dd5b52 + 7?
-2dd5b49
In base 16, what is e - -428fd0?
428fde
In base 15, what is 3 - 11a9bed6?
-11a9bed3
In base 6, what is -44054523531 + -2?
-44054